{"id":3202,"date":"2022-10-10T14:25:37","date_gmt":"2022-10-10T14:25:37","guid":{"rendered":"https:\/\/espacesenior.ch\/?page_id=3202"},"modified":"2025-09-26T10:17:28","modified_gmt":"2025-09-26T10:17:28","slug":"actualites","status":"publish","type":"page","link":"https:\/\/espacesenior.ch\/index.php\/actualites\/","title":{"rendered":"Actualit\u00e9s"},"content":{"rendered":"<p>[et_pb_section fb_built=\u00a0\u00bb1&Prime; _builder_version=\u00a0\u00bb4.16&Prime; custom_padding=\u00a0\u00bb0px||7px|||\u00a0\u00bb top_divider_style=\u00a0\u00bbslant2&Prime; top_divider_color=\u00a0\u00bb#5e5e5e\u00a0\u00bb global_colors_info=\u00a0\u00bb{}\u00a0\u00bb][et_pb_row _builder_version=\u00a0\u00bb4.18.0&Prime; _module_preset=\u00a0\u00bbdefault\u00a0\u00bb global_colors_info=\u00a0\u00bb{}\u00a0\u00bb][et_pb_column type=\u00a0\u00bb4_4&Prime; _builder_version=\u00a0\u00bb4.18.0&Prime; _module_preset=\u00a0\u00bbdefault\u00a0\u00bb global_colors_info=\u00a0\u00bb{}\u00a0\u00bb][et_pb_divider _builder_version=\u00a0\u00bb4.27.4&Prime; _module_preset=\u00a0\u00bbdefault\u00a0\u00bb global_colors_info=\u00a0\u00bb{}\u00a0\u00bb][\/et_pb_divider][\/et_pb_column][\/et_pb_row][et_pb_row _builder_version=\u00a0\u00bb4.18.0&Prime; _module_preset=\u00a0\u00bbdefault\u00a0\u00bb global_colors_info=\u00a0\u00bb{}\u00a0\u00bb][et_pb_column type=\u00a0\u00bb4_4&Prime; _builder_version=\u00a0\u00bb4.18.0&Prime; _module_preset=\u00a0\u00bbdefault\u00a0\u00bb global_colors_info=\u00a0\u00bb{}\u00a0\u00bb][et_pb_text _builder_version=\u00a0\u00bb4.27.4&Prime; _module_preset=\u00a0\u00bbdefault\u00a0\u00bb global_colors_info=\u00a0\u00bb{}\u00a0\u00bb]<\/p>\n<h1><strong>5\u00e8me anniversaire d&rsquo;ES<\/strong><\/h1>\n<p>[\/et_pb_text][\/et_pb_column][\/et_pb_row][et_pb_row _builder_version=\u00a0\u00bb4.18.0&Prime; _module_preset=\u00a0\u00bbdefault\u00a0\u00bb global_colors_info=\u00a0\u00bb{}\u00a0\u00bb][et_pb_column type=\u00a0\u00bb4_4&Prime; _builder_version=\u00a0\u00bb4.18.0&Prime; _module_preset=\u00a0\u00bbdefault\u00a0\u00bb global_colors_info=\u00a0\u00bb{}\u00a0\u00bb][et_pb_image src=\u00a0\u00bbhttps:\/\/espacesenior.ch\/wp-content\/uploads\/2025\/09\/5eme-anniversaire-ES-article-La-Gruyere.jpeg\u00a0\u00bb title_text=\u00a0\u00bb5\u00e8me anniversaire ES article La Gruy\u00e8re\u00a0\u00bb _builder_version=\u00a0\u00bb4.27.4&Prime; _module_preset=\u00a0\u00bbdefault\u00a0\u00bb global_colors_info=\u00a0\u00bb{}\u00a0\u00bb][\/et_pb_image][et_pb_text admin_label=\u00a0\u00bbtexte description\u00a0\u00bb _builder_version=\u00a0\u00bb4.27.4&Prime; _module_preset=\u00a0\u00bbdefault\u00a0\u00bb text_text_color=\u00a0\u00bb#000000&Prime; text_font_size=\u00a0\u00bb20px\u00a0\u00bb global_colors_info=\u00a0\u00bb{}\u00a0\u00bb]<\/p>\n<p>Dict\u00e9e du 5\u00e8me anniversaire d&rsquo;ES par Raymond Delley\u00a0 <a href=\"https:\/\/espacesenior.ch\/wp-content\/uploads\/2025\/09\/Une-etrange-messe-de-minuit-en-Gruyere.pdf\">\u00ab\u00a0Une \u00e9trange messe de minuit en Gruy\u00e8re\u00a0\u00bb<\/a><\/p>\n<p>[\/et_pb_text][\/et_pb_column][\/et_pb_row][\/et_pb_section]<\/p>\n","protected":false},"excerpt":{"rendered":"<p>5\u00e8me anniversaire d&rsquo;ESDict\u00e9e du 5\u00e8me anniversaire d&rsquo;ES par Raymond Delley\u00a0 \u00ab\u00a0Une \u00e9trange messe de minuit en Gruy\u00e8re\u00a0\u00bb<\/p>\n","protected":false},"author":2,"featured_media":0,"parent":0,"menu_order":0,"comment_status":"closed","ping_status":"closed","template":"","meta":{"_et_pb_use_builder":"on","_et_pb_old_content":"","_et_gb_content_width":""},"yoast_head":"<!-- This site is optimized with the Yoast SEO plugin v21.1 - https:\/\/yoast.com\/wordpress\/plugins\/seo\/ -->\n<title>Actualit\u00e9s - espacesenior<\/title>\n<meta name=\"robots\" content=\"index, follow, max-snippet:-1, max-image-preview:large, max-video-preview:-1\" \/>\n<link rel=\"canonical\" href=\"https:\/\/espacesenior.ch\/index.php\/actualites\/\" \/>\n<meta property=\"og:locale\" content=\"fr_FR\" \/>\n<meta property=\"og:type\" content=\"article\" \/>\n<meta property=\"og:title\" content=\"Actualit\u00e9s - espacesenior\" \/>\n<meta property=\"og:description\" content=\"5\u00e8me anniversaire d&#039;ESDict\u00e9e du 5\u00e8me anniversaire d&#039;ES par Raymond Delley\u00a0 &quot;Une \u00e9trange messe de minuit en Gruy\u00e8re&quot;\" \/>\n<meta property=\"og:url\" content=\"https:\/\/espacesenior.ch\/index.php\/actualites\/\" \/>\n<meta property=\"og:site_name\" content=\"espacesenior\" \/>\n<meta property=\"article:modified_time\" content=\"2025-09-26T10:17:28+00:00\" \/>\n<meta name=\"twitter:card\" content=\"summary_large_image\" \/>\n<meta name=\"twitter:label1\" content=\"Dur\u00e9e de lecture estim\u00e9e\" \/>\n\t<meta name=\"twitter:data1\" content=\"1 minute\" \/>\n<script type=\"application\/ld+json\" class=\"yoast-schema-graph\">{\"@context\":\"https:\/\/schema.org\",\"@graph\":[{\"@type\":\"WebPage\",\"@id\":\"https:\/\/espacesenior.ch\/index.php\/actualites\/\",\"url\":\"https:\/\/espacesenior.ch\/index.php\/actualites\/\",\"name\":\"Actualit\u00e9s - espacesenior\",\"isPartOf\":{\"@id\":\"https:\/\/espacesenior.ch\/#website\"},\"datePublished\":\"2022-10-10T14:25:37+00:00\",\"dateModified\":\"2025-09-26T10:17:28+00:00\",\"breadcrumb\":{\"@id\":\"https:\/\/espacesenior.ch\/index.php\/actualites\/#breadcrumb\"},\"inLanguage\":\"fr-FR\",\"potentialAction\":[{\"@type\":\"ReadAction\",\"target\":[\"https:\/\/espacesenior.ch\/index.php\/actualites\/\"]}]},{\"@type\":\"BreadcrumbList\",\"@id\":\"https:\/\/espacesenior.ch\/index.php\/actualites\/#breadcrumb\",\"itemListElement\":[{\"@type\":\"ListItem\",\"position\":1,\"name\":\"Home\",\"item\":\"https:\/\/espacesenior.ch\/\"},{\"@type\":\"ListItem\",\"position\":2,\"name\":\"Actualit\u00e9s\"}]},{\"@type\":\"WebSite\",\"@id\":\"https:\/\/espacesenior.ch\/#website\",\"url\":\"https:\/\/espacesenior.ch\/\",\"name\":\"espacesenior\",\"description\":\"activit\u00e9s pour seniors bulle\",\"publisher\":{\"@id\":\"https:\/\/espacesenior.ch\/#organization\"},\"potentialAction\":[{\"@type\":\"SearchAction\",\"target\":{\"@type\":\"EntryPoint\",\"urlTemplate\":\"https:\/\/espacesenior.ch\/?s={search_term_string}\"},\"query-input\":\"required name=search_term_string\"}],\"inLanguage\":\"fr-FR\"},{\"@type\":\"Organization\",\"@id\":\"https:\/\/espacesenior.ch\/#organization\",\"name\":\"espacesenior\",\"url\":\"https:\/\/espacesenior.ch\/\",\"logo\":{\"@type\":\"ImageObject\",\"inLanguage\":\"fr-FR\",\"@id\":\"https:\/\/espacesenior.ch\/#\/schema\/logo\/image\/\",\"url\":\"https:\/\/espacesenior.ch\/wp-content\/uploads\/2020\/03\/espace-senior-jaune1600x490.png\",\"contentUrl\":\"https:\/\/espacesenior.ch\/wp-content\/uploads\/2020\/03\/espace-senior-jaune1600x490.png\",\"width\":1600,\"height\":490,\"caption\":\"espacesenior\"},\"image\":{\"@id\":\"https:\/\/espacesenior.ch\/#\/schema\/logo\/image\/\"}}]}<\/script>\n<!-- \/ Yoast SEO plugin. -->","yoast_head_json":{"title":"Actualit\u00e9s - espacesenior","robots":{"index":"index","follow":"follow","max-snippet":"max-snippet:-1","max-image-preview":"max-image-preview:large","max-video-preview":"max-video-preview:-1"},"canonical":"https:\/\/espacesenior.ch\/index.php\/actualites\/","og_locale":"fr_FR","og_type":"article","og_title":"Actualit\u00e9s - espacesenior","og_description":"5\u00e8me anniversaire d'ESDict\u00e9e du 5\u00e8me anniversaire d'ES par Raymond Delley\u00a0 \"Une \u00e9trange messe de minuit en Gruy\u00e8re\"","og_url":"https:\/\/espacesenior.ch\/index.php\/actualites\/","og_site_name":"espacesenior","article_modified_time":"2025-09-26T10:17:28+00:00","twitter_card":"summary_large_image","twitter_misc":{"Dur\u00e9e de lecture estim\u00e9e":"1 minute"},"schema":{"@context":"https:\/\/schema.org","@graph":[{"@type":"WebPage","@id":"https:\/\/espacesenior.ch\/index.php\/actualites\/","url":"https:\/\/espacesenior.ch\/index.php\/actualites\/","name":"Actualit\u00e9s - espacesenior","isPartOf":{"@id":"https:\/\/espacesenior.ch\/#website"},"datePublished":"2022-10-10T14:25:37+00:00","dateModified":"2025-09-26T10:17:28+00:00","breadcrumb":{"@id":"https:\/\/espacesenior.ch\/index.php\/actualites\/#breadcrumb"},"inLanguage":"fr-FR","potentialAction":[{"@type":"ReadAction","target":["https:\/\/espacesenior.ch\/index.php\/actualites\/"]}]},{"@type":"BreadcrumbList","@id":"https:\/\/espacesenior.ch\/index.php\/actualites\/#breadcrumb","itemListElement":[{"@type":"ListItem","position":1,"name":"Home","item":"https:\/\/espacesenior.ch\/"},{"@type":"ListItem","position":2,"name":"Actualit\u00e9s"}]},{"@type":"WebSite","@id":"https:\/\/espacesenior.ch\/#website","url":"https:\/\/espacesenior.ch\/","name":"espacesenior","description":"activit\u00e9s pour seniors bulle","publisher":{"@id":"https:\/\/espacesenior.ch\/#organization"},"potentialAction":[{"@type":"SearchAction","target":{"@type":"EntryPoint","urlTemplate":"https:\/\/espacesenior.ch\/?s={search_term_string}"},"query-input":"required name=search_term_string"}],"inLanguage":"fr-FR"},{"@type":"Organization","@id":"https:\/\/espacesenior.ch\/#organization","name":"espacesenior","url":"https:\/\/espacesenior.ch\/","logo":{"@type":"ImageObject","inLanguage":"fr-FR","@id":"https:\/\/espacesenior.ch\/#\/schema\/logo\/image\/","url":"https:\/\/espacesenior.ch\/wp-content\/uploads\/2020\/03\/espace-senior-jaune1600x490.png","contentUrl":"https:\/\/espacesenior.ch\/wp-content\/uploads\/2020\/03\/espace-senior-jaune1600x490.png","width":1600,"height":490,"caption":"espacesenior"},"image":{"@id":"https:\/\/espacesenior.ch\/#\/schema\/logo\/image\/"}}]}},"_links":{"self":[{"href":"https:\/\/espacesenior.ch\/index.php\/wp-json\/wp\/v2\/pages\/3202"}],"collection":[{"href":"https:\/\/espacesenior.ch\/index.php\/wp-json\/wp\/v2\/pages"}],"about":[{"href":"https:\/\/espacesenior.ch\/index.php\/wp-json\/wp\/v2\/types\/page"}],"author":[{"embeddable":true,"href":"https:\/\/espacesenior.ch\/index.php\/wp-json\/wp\/v2\/users\/2"}],"replies":[{"embeddable":true,"href":"https:\/\/espacesenior.ch\/index.php\/wp-json\/wp\/v2\/comments?post=3202"}],"version-history":[{"count":16,"href":"https:\/\/espacesenior.ch\/index.php\/wp-json\/wp\/v2\/pages\/3202\/revisions"}],"predecessor-version":[{"id":6594,"href":"https:\/\/espacesenior.ch\/index.php\/wp-json\/wp\/v2\/pages\/3202\/revisions\/6594"}],"wp:attachment":[{"href":"https:\/\/espacesenior.ch\/index.php\/wp-json\/wp\/v2\/media?parent=3202"}],"curies":[{"name":"wp","href":"https:\/\/api.w.org\/{rel}","templated":true}]}}

Actualités

<p>[et_pb_section fb_built= »1&Prime; _builder_version= »4.16&Prime; custom_padding= »0px||7px||| » top_divider_style= »slant2&Prime; top_divider_color= »#5e5e5e » global_colors_info= »{} »][et_pb_row _builder_version= »4.18.0&Prime; _module_preset= »default » global_colors_info= »{} »][et_pb_column type= »4_4&Prime; _builder_version= »4.18.0&Prime; _module_preset= »default » global_colors_info= »{} »][et_pb_divider _builder_version= »4.27.4&Prime; _module_preset= »default » global_colors_info= »{} »][/et_pb_divider][/et_pb_column][/et_pb_row][et_pb_row _builder_version= »4.18.0&Prime; _module_preset= »default » global_colors_info= »{} »][et_pb_column type= »4_4&Prime; _builder_version= »4.18.0&Prime; _module_preset= »default » global_colors_info= »{} »][et_pb_text _builder_version= »4.27.4&Prime; _module_preset= »default » global_colors_info= »{} »]</p>
<h1><strong>5ème anniversaire d&rsquo;ES</strong></h1>
<p>[/et_pb_text][/et_pb_column][/et_pb_row][et_pb_row _builder_version= »4.18.0&Prime; _module_preset= »default » global_colors_info= »{} »][et_pb_column type= »4_4&Prime; _builder_version= »4.18.0&Prime; _module_preset= »default » global_colors_info= »{} »][et_pb_image src= »https://espacesenior.ch/wp-content/uploads/2025/09/5eme-anniversaire-ES-article-La-Gruyere.jpeg » title_text= »5ème anniversaire ES article La Gruyère » _builder_version= »4.27.4&Prime; _module_preset= »default » global_colors_info= »{} »][/et_pb_image][et_pb_text admin_label= »texte description » _builder_version= »4.27.4&Prime; _module_preset= »default » text_text_color= »#000000&Prime; text_font_size= »20px » global_colors_info= »{} »]</p>
<p>Dictée du 5ème anniversaire d&rsquo;ES par Raymond Delley  <a href="https://espacesenior.ch/wp-content/uploads/2025/09/Une-etrange-messe-de-minuit-en-Gruyere.pdf">« Une étrange messe de minuit en Gruyère »</a></p>
<p>[/et_pb_text][/et_pb_column][/et_pb_row][/et_pb_section]</p>

<p>5ème anniversaire d&rsquo;ESDictée du 5ème anniversaire d&rsquo;ES par Raymond Delley  « Une étrange messe de minuit en Gruyère »</p>

<!-- This site is optimized with the Yoast SEO plugin v21.1 - https://yoast.com/wordpress/plugins/seo/ -->
<title>Actualités - espacesenior</title>
<meta name="robots" content="index, follow, max-snippet:-1, max-image-preview:large, max-video-preview:-1" />
<link rel="canonical" href="https://espacesenior.ch/index.php/actualites/" />
<meta property="og:locale" content="fr_FR" />
<meta property="og:type" content="article" />
<meta property="og:title" content="Actualités - espacesenior" />
<meta property="og:description" content="5ème anniversaire d&#039;ESDictée du 5ème anniversaire d&#039;ES par Raymond Delley  &quot;Une étrange messe de minuit en Gruyère&quot;" />
<meta property="og:url" content="https://espacesenior.ch/index.php/actualites/" />
<meta property="og:site_name" content="espacesenior" />
<meta property="article:modified_time" content="2025-09-26T10:17:28+00:00" />
<meta name="twitter:card" content="summary_large_image" />
<meta name="twitter:label1" content="Durée de lecture estimée" />
	<meta name="twitter:data1" content="1 minute" />
<script type="application/ld+json" class="yoast-schema-graph">{"@context":"https://schema.org","@graph":[{"@type":"WebPage","@id":"https://espacesenior.ch/index.php/actualites/","url":"https://espacesenior.ch/index.php/actualites/","name":"Actualités - espacesenior","isPartOf":{"@id":"https://espacesenior.ch/#website"},"datePublished":"2022-10-10T14:25:37+00:00","dateModified":"2025-09-26T10:17:28+00:00","breadcrumb":{"@id":"https://espacesenior.ch/index.php/actualites/#breadcrumb"},"inLanguage":"fr-FR","potentialAction":[{"@type":"ReadAction","target":["https://espacesenior.ch/index.php/actualites/"]}]},{"@type":"BreadcrumbList","@id":"https://espacesenior.ch/index.php/actualites/#breadcrumb","itemListElement":[{"@type":"ListItem","position":1,"name":"Home","item":"https://espacesenior.ch/"},{"@type":"ListItem","position":2,"name":"Actualités"}]},{"@type":"WebSite","@id":"https://espacesenior.ch/#website","url":"https://espacesenior.ch/","name":"espacesenior","description":"activités pour seniors bulle","publisher":{"@id":"https://espacesenior.ch/#organization"},"potentialAction":[{"@type":"SearchAction","target":{"@type":"EntryPoint","urlTemplate":"https://espacesenior.ch/?s={search_term_string}"},"query-input":"required name=search_term_string"}],"inLanguage":"fr-FR"},{"@type":"Organization","@id":"https://espacesenior.ch/#organization","name":"espacesenior","url":"https://espacesenior.ch/","logo":{"@type":"ImageObject","inLanguage":"fr-FR","@id":"https://espacesenior.ch/#/schema/logo/image/","url":"https://espacesenior.ch/wp-content/uploads/2020/03/espace-senior-jaune1600x490.png","contentUrl":"https://espacesenior.ch/wp-content/uploads/2020/03/espace-senior-jaune1600x490.png","width":1600,"height":490,"caption":"espacesenior"},"image":{"@id":"https://espacesenior.ch/#/schema/logo/image/"}}]}</script>
<!-- / Yoast SEO plugin. -->

Actualités - espacesenior

5ème anniversaire d'ESDictée du 5ème anniversaire d'ES par Raymond Delley  "Une étrange messe de minuit en Gruyère"

activités pour seniors bulle
