{"id":591,"date":"2020-07-04T08:27:20","date_gmt":"2020-07-04T08:27:20","guid":{"rendered":"https:\/\/espacesenior.ch\/?page_id=591"},"modified":"2022-08-29T09:06:34","modified_gmt":"2022-08-29T09:06:34","slug":"amenagement","status":"publish","type":"page","link":"https:\/\/espacesenior.ch\/index.php\/amenagement\/","title":{"rendered":"Am\u00e9nagement"},"content":{"rendered":"<p>[et_pb_section fb_built=\u00a0\u00bb1&Prime; _builder_version=\u00a0\u00bb4.16&Prime; custom_padding=\u00a0\u00bb7px||14px|||\u00a0\u00bb top_divider_style=\u00a0\u00bbslant2&Prime; top_divider_color=\u00a0\u00bb#5e5e5e\u00a0\u00bb global_colors_info=\u00a0\u00bb{}\u00a0\u00bb][et_pb_row _builder_version=\u00a0\u00bb4.16&Prime; custom_margin=\u00a0\u00bb38px|auto||auto||\u00a0\u00bb custom_padding=\u00a0\u00bb11px|||||\u00a0\u00bb global_colors_info=\u00a0\u00bb{}\u00a0\u00bb][et_pb_column type=\u00a0\u00bb4_4&Prime; _builder_version=\u00a0\u00bb4.16&Prime; global_colors_info=\u00a0\u00bb{}\u00a0\u00bb][et_pb_text admin_label=\u00a0\u00bbL\u2019EspaceSenior emm\u00e9nage\u2026.\u00a0\u00bb _builder_version=\u00a0\u00bb4.16&Prime; text_font_size=\u00a0\u00bb22px\u00a0\u00bb global_colors_info=\u00a0\u00bb{}\u00a0\u00bb]<\/p>\n<p>L\u2019EspaceSenior emm\u00e9nage\u2026.\u00a0&#8211; Cliquez sur une photo pour faire d\u00e9marrer le diaporama<\/p>\n<p>[\/et_pb_text][et_pb_gallery gallery_ids=\u00a0\u00bb720,719&Prime; gallery_orderby=\u00a0\u00bbrand\u00a0\u00bb show_title_and_caption=\u00a0\u00bboff\u00a0\u00bb admin_label=\u00a0\u00bbgalerie espace emm\u00e9nage\u00a0\u00bb _builder_version=\u00a0\u00bb4.16&Prime; border_radii_image=\u00a0\u00bbon|7px|7px|7px|7px\u00a0\u00bb global_colors_info=\u00a0\u00bb{}\u00a0\u00bb][\/et_pb_gallery][et_pb_text admin_label=\u00a0\u00bbst\u00e9 de jeunesse\u00a0\u00bb _builder_version=\u00a0\u00bb4.16&Prime; text_font_size=\u00a0\u00bb22px\u00a0\u00bb global_colors_info=\u00a0\u00bb{}\u00a0\u00bb]<\/p>\n<p>La soci\u00e9t\u00e9 de jeunesse de La Tour-de-Tr\u00eame nous a aid\u00e9 pour la r\u00e9novation du local mis \u00e0 disposition par la Ville de Bulle &#8211; MERCI \u00e0 l&rsquo;\u00e9quipe &#8211; Cliquez sur une photo pour faire d\u00e9marrer le diaporama<\/p>\n<p>[\/et_pb_text][et_pb_gallery gallery_ids=\u00a0\u00bb599,598,597,596,650,651,652,653,654,655,656,657,658,660,661,662,663,664,665,666,667,668,669,670,671,672,673,674,675,676,677,678,679,680,681,682,683,684,685,686,687,688,689,690,691,692,693&Prime; gallery_orderby=\u00a0\u00bbrand\u00a0\u00bb show_title_and_caption=\u00a0\u00bboff\u00a0\u00bb admin_label=\u00a0\u00bbgalerie st\u00e9 jeunesse La Tour\u00a0\u00bb _builder_version=\u00a0\u00bb4.16&Prime; custom_margin=\u00a0\u00bb||10px|||\u00a0\u00bb custom_padding=\u00a0\u00bb||0px|||\u00a0\u00bb border_radii_image=\u00a0\u00bbon|7px|7px|7px|7px\u00a0\u00bb global_colors_info=\u00a0\u00bb{}\u00a0\u00bb][\/et_pb_gallery][\/et_pb_column][\/et_pb_row][\/et_pb_section]<\/p>\n","protected":false},"excerpt":{"rendered":"<p>L\u2019EspaceSenior emm\u00e9nage\u2026.\u00a0&#8211; Cliquez sur une photo pour faire d\u00e9marrer le diaporamaLa soci\u00e9t\u00e9 de jeunesse de La Tour-de-Tr\u00eame nous a aid\u00e9 pour la r\u00e9novation du local mis \u00e0 disposition par la Ville de Bulle &#8211; MERCI \u00e0 l&rsquo;\u00e9quipe &#8211; Cliquez sur une photo pour faire d\u00e9marrer le diaporama<\/p>\n","protected":false},"author":1,"featured_media":0,"parent":0,"menu_order":0,"comment_status":"closed","ping_status":"closed","template":"","meta":{"_et_pb_use_builder":"on","_et_pb_old_content":"","_et_gb_content_width":""},"yoast_head":"<!-- This site is optimized with the Yoast SEO plugin v21.1 - https:\/\/yoast.com\/wordpress\/plugins\/seo\/ -->\n<title>Am\u00e9nagement - espacesenior<\/title>\n<meta name=\"robots\" content=\"index, follow, max-snippet:-1, max-image-preview:large, max-video-preview:-1\" \/>\n<link rel=\"canonical\" href=\"https:\/\/espacesenior.ch\/index.php\/amenagement\/\" \/>\n<meta property=\"og:locale\" content=\"fr_FR\" \/>\n<meta property=\"og:type\" content=\"article\" \/>\n<meta property=\"og:title\" content=\"Am\u00e9nagement - espacesenior\" \/>\n<meta property=\"og:description\" content=\"L\u2019EspaceSenior emm\u00e9nage\u2026.\u00a0- Cliquez sur une photo pour faire d\u00e9marrer le diaporamaLa soci\u00e9t\u00e9 de jeunesse de La Tour-de-Tr\u00eame nous a aid\u00e9 pour la r\u00e9novation du local mis \u00e0 disposition par la Ville de Bulle - MERCI \u00e0 l&#039;\u00e9quipe - Cliquez sur une photo pour faire d\u00e9marrer le diaporama\" \/>\n<meta property=\"og:url\" content=\"https:\/\/espacesenior.ch\/index.php\/amenagement\/\" \/>\n<meta property=\"og:site_name\" content=\"espacesenior\" \/>\n<meta property=\"article:modified_time\" content=\"2022-08-29T09:06:34+00:00\" \/>\n<meta name=\"twitter:card\" content=\"summary_large_image\" \/>\n<meta name=\"twitter:label1\" content=\"Dur\u00e9e de lecture estim\u00e9e\" \/>\n\t<meta name=\"twitter:data1\" content=\"1 minute\" \/>\n<script type=\"application\/ld+json\" class=\"yoast-schema-graph\">{\"@context\":\"https:\/\/schema.org\",\"@graph\":[{\"@type\":\"WebPage\",\"@id\":\"https:\/\/espacesenior.ch\/index.php\/amenagement\/\",\"url\":\"https:\/\/espacesenior.ch\/index.php\/amenagement\/\",\"name\":\"Am\u00e9nagement - espacesenior\",\"isPartOf\":{\"@id\":\"https:\/\/espacesenior.ch\/#website\"},\"datePublished\":\"2020-07-04T08:27:20+00:00\",\"dateModified\":\"2022-08-29T09:06:34+00:00\",\"breadcrumb\":{\"@id\":\"https:\/\/espacesenior.ch\/index.php\/amenagement\/#breadcrumb\"},\"inLanguage\":\"fr-FR\",\"potentialAction\":[{\"@type\":\"ReadAction\",\"target\":[\"https:\/\/espacesenior.ch\/index.php\/amenagement\/\"]}]},{\"@type\":\"BreadcrumbList\",\"@id\":\"https:\/\/espacesenior.ch\/index.php\/amenagement\/#breadcrumb\",\"itemListElement\":[{\"@type\":\"ListItem\",\"position\":1,\"name\":\"Home\",\"item\":\"https:\/\/espacesenior.ch\/\"},{\"@type\":\"ListItem\",\"position\":2,\"name\":\"Am\u00e9nagement\"}]},{\"@type\":\"WebSite\",\"@id\":\"https:\/\/espacesenior.ch\/#website\",\"url\":\"https:\/\/espacesenior.ch\/\",\"name\":\"espacesenior\",\"description\":\"activit\u00e9s pour seniors bulle\",\"publisher\":{\"@id\":\"https:\/\/espacesenior.ch\/#organization\"},\"potentialAction\":[{\"@type\":\"SearchAction\",\"target\":{\"@type\":\"EntryPoint\",\"urlTemplate\":\"https:\/\/espacesenior.ch\/?s={search_term_string}\"},\"query-input\":\"required name=search_term_string\"}],\"inLanguage\":\"fr-FR\"},{\"@type\":\"Organization\",\"@id\":\"https:\/\/espacesenior.ch\/#organization\",\"name\":\"espacesenior\",\"url\":\"https:\/\/espacesenior.ch\/\",\"logo\":{\"@type\":\"ImageObject\",\"inLanguage\":\"fr-FR\",\"@id\":\"https:\/\/espacesenior.ch\/#\/schema\/logo\/image\/\",\"url\":\"https:\/\/espacesenior.ch\/wp-content\/uploads\/2020\/03\/espace-senior-jaune1600x490.png\",\"contentUrl\":\"https:\/\/espacesenior.ch\/wp-content\/uploads\/2020\/03\/espace-senior-jaune1600x490.png\",\"width\":1600,\"height\":490,\"caption\":\"espacesenior\"},\"image\":{\"@id\":\"https:\/\/espacesenior.ch\/#\/schema\/logo\/image\/\"}}]}<\/script>\n<!-- \/ Yoast SEO plugin. -->","yoast_head_json":{"title":"Am\u00e9nagement - espacesenior","robots":{"index":"index","follow":"follow","max-snippet":"max-snippet:-1","max-image-preview":"max-image-preview:large","max-video-preview":"max-video-preview:-1"},"canonical":"https:\/\/espacesenior.ch\/index.php\/amenagement\/","og_locale":"fr_FR","og_type":"article","og_title":"Am\u00e9nagement - espacesenior","og_description":"L\u2019EspaceSenior emm\u00e9nage\u2026.\u00a0- Cliquez sur une photo pour faire d\u00e9marrer le diaporamaLa soci\u00e9t\u00e9 de jeunesse de La Tour-de-Tr\u00eame nous a aid\u00e9 pour la r\u00e9novation du local mis \u00e0 disposition par la Ville de Bulle - MERCI \u00e0 l'\u00e9quipe - Cliquez sur une photo pour faire d\u00e9marrer le diaporama","og_url":"https:\/\/espacesenior.ch\/index.php\/amenagement\/","og_site_name":"espacesenior","article_modified_time":"2022-08-29T09:06:34+00:00","twitter_card":"summary_large_image","twitter_misc":{"Dur\u00e9e de lecture estim\u00e9e":"1 minute"},"schema":{"@context":"https:\/\/schema.org","@graph":[{"@type":"WebPage","@id":"https:\/\/espacesenior.ch\/index.php\/amenagement\/","url":"https:\/\/espacesenior.ch\/index.php\/amenagement\/","name":"Am\u00e9nagement - espacesenior","isPartOf":{"@id":"https:\/\/espacesenior.ch\/#website"},"datePublished":"2020-07-04T08:27:20+00:00","dateModified":"2022-08-29T09:06:34+00:00","breadcrumb":{"@id":"https:\/\/espacesenior.ch\/index.php\/amenagement\/#breadcrumb"},"inLanguage":"fr-FR","potentialAction":[{"@type":"ReadAction","target":["https:\/\/espacesenior.ch\/index.php\/amenagement\/"]}]},{"@type":"BreadcrumbList","@id":"https:\/\/espacesenior.ch\/index.php\/amenagement\/#breadcrumb","itemListElement":[{"@type":"ListItem","position":1,"name":"Home","item":"https:\/\/espacesenior.ch\/"},{"@type":"ListItem","position":2,"name":"Am\u00e9nagement"}]},{"@type":"WebSite","@id":"https:\/\/espacesenior.ch\/#website","url":"https:\/\/espacesenior.ch\/","name":"espacesenior","description":"activit\u00e9s pour seniors bulle","publisher":{"@id":"https:\/\/espacesenior.ch\/#organization"},"potentialAction":[{"@type":"SearchAction","target":{"@type":"EntryPoint","urlTemplate":"https:\/\/espacesenior.ch\/?s={search_term_string}"},"query-input":"required name=search_term_string"}],"inLanguage":"fr-FR"},{"@type":"Organization","@id":"https:\/\/espacesenior.ch\/#organization","name":"espacesenior","url":"https:\/\/espacesenior.ch\/","logo":{"@type":"ImageObject","inLanguage":"fr-FR","@id":"https:\/\/espacesenior.ch\/#\/schema\/logo\/image\/","url":"https:\/\/espacesenior.ch\/wp-content\/uploads\/2020\/03\/espace-senior-jaune1600x490.png","contentUrl":"https:\/\/espacesenior.ch\/wp-content\/uploads\/2020\/03\/espace-senior-jaune1600x490.png","width":1600,"height":490,"caption":"espacesenior"},"image":{"@id":"https:\/\/espacesenior.ch\/#\/schema\/logo\/image\/"}}]}},"_links":{"self":[{"href":"https:\/\/espacesenior.ch\/index.php\/wp-json\/wp\/v2\/pages\/591"}],"collection":[{"href":"https:\/\/espacesenior.ch\/index.php\/wp-json\/wp\/v2\/pages"}],"about":[{"href":"https:\/\/espacesenior.ch\/index.php\/wp-json\/wp\/v2\/types\/page"}],"author":[{"embeddable":true,"href":"https:\/\/espacesenior.ch\/index.php\/wp-json\/wp\/v2\/users\/1"}],"replies":[{"embeddable":true,"href":"https:\/\/espacesenior.ch\/index.php\/wp-json\/wp\/v2\/comments?post=591"}],"version-history":[{"count":16,"href":"https:\/\/espacesenior.ch\/index.php\/wp-json\/wp\/v2\/pages\/591\/revisions"}],"predecessor-version":[{"id":2758,"href":"https:\/\/espacesenior.ch\/index.php\/wp-json\/wp\/v2\/pages\/591\/revisions\/2758"}],"wp:attachment":[{"href":"https:\/\/espacesenior.ch\/index.php\/wp-json\/wp\/v2\/media?parent=591"}],"curies":[{"name":"wp","href":"https:\/\/api.w.org\/{rel}","templated":true}]}}

Aménagement

<p>[et_pb_section fb_built= »1&Prime; _builder_version= »4.16&Prime; custom_padding= »7px||14px||| » top_divider_style= »slant2&Prime; top_divider_color= »#5e5e5e » global_colors_info= »{} »][et_pb_row _builder_version= »4.16&Prime; custom_margin= »38px|auto||auto|| » custom_padding= »11px||||| » global_colors_info= »{} »][et_pb_column type= »4_4&Prime; _builder_version= »4.16&Prime; global_colors_info= »{} »][et_pb_text admin_label= »L’EspaceSenior emménage…. » _builder_version= »4.16&Prime; text_font_size= »22px » global_colors_info= »{} »]</p>
<p>L’EspaceSenior emménage…. &#8211; Cliquez sur une photo pour faire démarrer le diaporama</p>
<p>[/et_pb_text][et_pb_gallery gallery_ids= »720,719&Prime; gallery_orderby= »rand » show_title_and_caption= »off » admin_label= »galerie espace emménage » _builder_version= »4.16&Prime; border_radii_image= »on|7px|7px|7px|7px » global_colors_info= »{} »][/et_pb_gallery][et_pb_text admin_label= »sté de jeunesse » _builder_version= »4.16&Prime; text_font_size= »22px » global_colors_info= »{} »]</p>
<p>La société de jeunesse de La Tour-de-Trême nous a aidé pour la rénovation du local mis à disposition par la Ville de Bulle &#8211; MERCI à l&rsquo;équipe &#8211; Cliquez sur une photo pour faire démarrer le diaporama</p>
<p>[/et_pb_text][et_pb_gallery gallery_ids= »599,598,597,596,650,651,652,653,654,655,656,657,658,660,661,662,663,664,665,666,667,668,669,670,671,672,673,674,675,676,677,678,679,680,681,682,683,684,685,686,687,688,689,690,691,692,693&Prime; gallery_orderby= »rand » show_title_and_caption= »off » admin_label= »galerie sté jeunesse La Tour » _builder_version= »4.16&Prime; custom_margin= »||10px||| » custom_padding= »||0px||| » border_radii_image= »on|7px|7px|7px|7px » global_colors_info= »{} »][/et_pb_gallery][/et_pb_column][/et_pb_row][/et_pb_section]</p>

<p>L’EspaceSenior emménage…. &#8211; Cliquez sur une photo pour faire démarrer le diaporamaLa société de jeunesse de La Tour-de-Trême nous a aidé pour la rénovation du local mis à disposition par la Ville de Bulle &#8211; MERCI à l&rsquo;équipe &#8211; Cliquez sur une photo pour faire démarrer le diaporama</p>

<!-- This site is optimized with the Yoast SEO plugin v21.1 - https://yoast.com/wordpress/plugins/seo/ -->
<title>Aménagement - espacesenior</title>
<meta name="robots" content="index, follow, max-snippet:-1, max-image-preview:large, max-video-preview:-1" />
<link rel="canonical" href="https://espacesenior.ch/index.php/amenagement/" />
<meta property="og:locale" content="fr_FR" />
<meta property="og:type" content="article" />
<meta property="og:title" content="Aménagement - espacesenior" />
<meta property="og:description" content="L’EspaceSenior emménage…. - Cliquez sur une photo pour faire démarrer le diaporamaLa société de jeunesse de La Tour-de-Trême nous a aidé pour la rénovation du local mis à disposition par la Ville de Bulle - MERCI à l&#039;équipe - Cliquez sur une photo pour faire démarrer le diaporama" />
<meta property="og:url" content="https://espacesenior.ch/index.php/amenagement/" />
<meta property="og:site_name" content="espacesenior" />
<meta property="article:modified_time" content="2022-08-29T09:06:34+00:00" />
<meta name="twitter:card" content="summary_large_image" />
<meta name="twitter:label1" content="Durée de lecture estimée" />
	<meta name="twitter:data1" content="1 minute" />
<script type="application/ld+json" class="yoast-schema-graph">{"@context":"https://schema.org","@graph":[{"@type":"WebPage","@id":"https://espacesenior.ch/index.php/amenagement/","url":"https://espacesenior.ch/index.php/amenagement/","name":"Aménagement - espacesenior","isPartOf":{"@id":"https://espacesenior.ch/#website"},"datePublished":"2020-07-04T08:27:20+00:00","dateModified":"2022-08-29T09:06:34+00:00","breadcrumb":{"@id":"https://espacesenior.ch/index.php/amenagement/#breadcrumb"},"inLanguage":"fr-FR","potentialAction":[{"@type":"ReadAction","target":["https://espacesenior.ch/index.php/amenagement/"]}]},{"@type":"BreadcrumbList","@id":"https://espacesenior.ch/index.php/amenagement/#breadcrumb","itemListElement":[{"@type":"ListItem","position":1,"name":"Home","item":"https://espacesenior.ch/"},{"@type":"ListItem","position":2,"name":"Aménagement"}]},{"@type":"WebSite","@id":"https://espacesenior.ch/#website","url":"https://espacesenior.ch/","name":"espacesenior","description":"activités pour seniors bulle","publisher":{"@id":"https://espacesenior.ch/#organization"},"potentialAction":[{"@type":"SearchAction","target":{"@type":"EntryPoint","urlTemplate":"https://espacesenior.ch/?s={search_term_string}"},"query-input":"required name=search_term_string"}],"inLanguage":"fr-FR"},{"@type":"Organization","@id":"https://espacesenior.ch/#organization","name":"espacesenior","url":"https://espacesenior.ch/","logo":{"@type":"ImageObject","inLanguage":"fr-FR","@id":"https://espacesenior.ch/#/schema/logo/image/","url":"https://espacesenior.ch/wp-content/uploads/2020/03/espace-senior-jaune1600x490.png","contentUrl":"https://espacesenior.ch/wp-content/uploads/2020/03/espace-senior-jaune1600x490.png","width":1600,"height":490,"caption":"espacesenior"},"image":{"@id":"https://espacesenior.ch/#/schema/logo/image/"}}]}</script>
<!-- / Yoast SEO plugin. -->

Aménagement - espacesenior

L’EspaceSenior emménage…. - Cliquez sur une photo pour faire démarrer le diaporamaLa société de jeunesse de La Tour-de-Trême nous a aidé pour la rénovation du local mis à disposition par la Ville de Bulle - MERCI à l'équipe - Cliquez sur une photo pour faire démarrer le diaporama

activités pour seniors bulle
