{"id":66,"date":"2020-03-06T10:20:38","date_gmt":"2020-03-06T10:20:38","guid":{"rendered":"https:\/\/espacesenior.ch\/?page_id=66"},"modified":"2024-07-03T15:22:47","modified_gmt":"2024-07-03T15:22:47","slug":"sos-et-services","status":"publish","type":"page","link":"https:\/\/espacesenior.ch\/index.php\/sos-et-services\/","title":{"rendered":"SOS et services"},"content":{"rendered":"<p>[et_pb_section fb_built=\u00a0\u00bb1&Prime; _builder_version=\u00a0\u00bb4.16&Prime; custom_padding=\u00a0\u00bb0px|||||\u00a0\u00bb top_divider_style=\u00a0\u00bbslant2&Prime; top_divider_color=\u00a0\u00bb#5e5e5e\u00a0\u00bb global_colors_info=\u00a0\u00bb{}\u00a0\u00bb][et_pb_row _builder_version=\u00a0\u00bb4.16&Prime; custom_padding=\u00a0\u00bb77px|||||\u00a0\u00bb global_colors_info=\u00a0\u00bb{}\u00a0\u00bb][et_pb_column type=\u00a0\u00bb4_4&Prime; _builder_version=\u00a0\u00bb4.16&Prime; global_colors_info=\u00a0\u00bb{}\u00a0\u00bb][et_pb_text admin_label=\u00a0\u00bbli num\u00e9ros importants ville de bulle\u00a0\u00bb _builder_version=\u00a0\u00bb4.16&Prime; text_text_color=\u00a0\u00bb#e02b20&Prime; text_font_size=\u00a0\u00bb19px\u00a0\u00bb global_colors_info=\u00a0\u00bb{}\u00a0\u00bb]<\/p>\n<p>La ville de Bulle a pr\u00e9par\u00e9 une liste des contacts importants pour les seniors, vous pouvez la consulter en cliquant <a href=\"https:\/\/espacesenior.ch\/wp-content\/uploads\/2020\/03\/adresses_utiles.pdf\" target=\"_blank\" rel=\"noopener noreferrer\"><strong>ICI<\/strong><\/a><\/p>\n<p>[\/et_pb_text][\/et_pb_column][\/et_pb_row][et_pb_row column_structure=\u00a0\u00bb1_3,1_3,1_3&Prime; _builder_version=\u00a0\u00bb4.24.2&Prime; custom_margin=\u00a0\u00bb|auto||637px||\u00a0\u00bb global_colors_info=\u00a0\u00bb{}\u00a0\u00bb][et_pb_column type=\u00a0\u00bb1_3&Prime; _builder_version=\u00a0\u00bb4.24.2&Prime; global_colors_info=\u00a0\u00bb{}\u00a0\u00bb][et_pb_image src=\u00a0\u00bbhttps:\/\/espacesenior.ch\/wp-content\/uploads\/2020\/03\/sante.jpg\u00a0\u00bb admin_label=\u00a0\u00bbimage sant\u00e9\u00a0\u00bb _builder_version=\u00a0\u00bb4.25.2&Prime; hover_enabled=\u00a0\u00bb0&Prime; global_colors_info=\u00a0\u00bb{}\u00a0\u00bb sticky_enabled=\u00a0\u00bb0&Prime;][\/et_pb_image][et_pb_text admin_label=\u00a0\u00bbno sant\u00e9\u00a0\u00bb _builder_version=\u00a0\u00bb4.25.2&Prime; text_text_color=\u00a0\u00bb#000000&Prime; text_font_size=\u00a0\u00bb19px\u00a0\u00bb hover_enabled=\u00a0\u00bb0&Prime; global_colors_info=\u00a0\u00bb{}\u00a0\u00bb sticky_enabled=\u00a0\u00bb0&Prime;]<\/p>\n<p>Ambulance : <strong>144<\/strong><\/p>\n<p>Empoisonnement : <strong>145<\/strong><\/p>\n<p>M\u00e9decin de garde : <strong>026 304 21 36<\/strong><\/p>\n<p>Pharmacie de garde : <strong>026 304 21 40<\/strong><\/p>\n<p>Info grippe saisonni\u00e8re &#8211; cliquez <a href=\"https:\/\/www.bag.admin.ch\/bag\/fr\/home\/krankheiten\/ausbrueche-epidemien-pandemien\/aktuelle-ausbrueche-epidemien\/saisonale-grippe---lagebericht-schweiz.html\" target=\"_blank\" rel=\"noopener noreferrer\"><strong>ICI<\/strong><\/a><\/p>\n<p>Comment reconna\u00eetre les premiers signes d&rsquo;un AVC &#8211; cliquez <a href=\"https:\/\/espacesenior.ch\/wp-content\/uploads\/2024\/07\/ES-Fiche-AVC.pdf\"><strong>ICI<\/strong><\/a><\/p>\n<p>[\/et_pb_text][\/et_pb_column][et_pb_column type=\u00a0\u00bb1_3&Prime; _builder_version=\u00a0\u00bb4.16&Prime; global_colors_info=\u00a0\u00bb{}\u00a0\u00bb][et_pb_image src=\u00a0\u00bbhttps:\/\/espacesenior.ch\/wp-content\/uploads\/2020\/03\/sos.png\u00a0\u00bb admin_label=\u00a0\u00bbimage SOS\u00a0\u00bb _builder_version=\u00a0\u00bb4.16&Prime; global_colors_info=\u00a0\u00bb{}\u00a0\u00bb][\/et_pb_image][et_pb_text admin_label=\u00a0\u00bbno sos\u00a0\u00bb _builder_version=\u00a0\u00bb4.16&Prime; text_text_color=\u00a0\u00bb#000000&Prime; text_font_size=\u00a0\u00bb19px\u00a0\u00bb global_colors_info=\u00a0\u00bb{}\u00a0\u00bb]<\/p>\n<p>Police : <strong>117<\/strong><\/p>\n<p>Service du feu : <strong>118<\/strong><\/p>\n<p>[\/et_pb_text][\/et_pb_column][et_pb_column type=\u00a0\u00bb1_3&Prime; _builder_version=\u00a0\u00bb4.16&Prime; global_colors_info=\u00a0\u00bb{}\u00a0\u00bb][et_pb_image src=\u00a0\u00bbhttps:\/\/espacesenior.ch\/wp-content\/uploads\/2020\/03\/services.jpg\u00a0\u00bb admin_label=\u00a0\u00bbimage sevices\u00a0\u00bb _builder_version=\u00a0\u00bb4.16&Prime; global_colors_info=\u00a0\u00bb{}\u00a0\u00bb][\/et_pb_image][et_pb_text admin_label=\u00a0\u00bbno sos\u00a0\u00bb _builder_version=\u00a0\u00bb4.16&Prime; text_text_color=\u00a0\u00bb#000000&Prime; text_font_size=\u00a0\u00bb19px\u00a0\u00bb global_colors_info=\u00a0\u00bb{}\u00a0\u00bb]<\/p>\n<p><a href=\"https:\/\/www.sbb.ch\/fr\/horaire.html\" target=\"_blank\" rel=\"noopener noreferrer\">Horaires CFF<\/a><\/p>\n<p><a href=\"https:\/\/www.meteosuisse.admin.ch\/home.html?tab=overview\" target=\"_blank\" rel=\"noopener noreferrer\">M\u00e9t\u00e9o Suisse<\/a><\/p>\n<p><a href=\"http:\/\/www.fr.prosenectute.ch\/\" target=\"_blank\" rel=\"noopener noreferrer\">Pro Senectute<\/a><\/p>\n<p>PassePartout Gruy\u00e8re<\/p>\n<p><strong>026 919 60 39<\/strong><\/p>\n<p>Croix Rouge Fribourgeoise<\/p>\n<p><strong>026 347 39 40<\/strong><\/p>\n<p>[\/et_pb_text][\/et_pb_column][\/et_pb_row][\/et_pb_section]<\/p>\n","protected":false},"excerpt":{"rendered":"<p>La ville de Bulle a pr\u00e9par\u00e9 une liste des contacts importants pour les seniors, vous pouvez la consulter en cliquant ICIAmbulance : 144 Empoisonnement : 145 M\u00e9decin de garde : 026 304 21 36 Pharmacie de garde : 026 304 21 40 Info grippe saisonni\u00e8re &#8211; cliquez ICI Comment reconna\u00eetre les premiers signes d&rsquo;un AVC [&hellip;]<\/p>\n","protected":false},"author":1,"featured_media":0,"parent":0,"menu_order":0,"comment_status":"closed","ping_status":"closed","template":"","meta":{"_et_pb_use_builder":"on","_et_pb_old_content":"","_et_gb_content_width":""},"yoast_head":"<!-- This site is optimized with the Yoast SEO plugin v21.1 - https:\/\/yoast.com\/wordpress\/plugins\/seo\/ -->\n<title>SOS et services - espacesenior<\/title>\n<meta name=\"robots\" content=\"index, follow, max-snippet:-1, max-image-preview:large, max-video-preview:-1\" \/>\n<link rel=\"canonical\" href=\"https:\/\/espacesenior.ch\/index.php\/sos-et-services\/\" \/>\n<meta property=\"og:locale\" content=\"fr_FR\" \/>\n<meta property=\"og:type\" content=\"article\" \/>\n<meta property=\"og:title\" content=\"SOS et services - espacesenior\" \/>\n<meta property=\"og:description\" content=\"La ville de Bulle a pr\u00e9par\u00e9 une liste des contacts importants pour les seniors, vous pouvez la consulter en cliquant ICIAmbulance : 144 Empoisonnement : 145 M\u00e9decin de garde : 026 304 21 36 Pharmacie de garde : 026 304 21 40 Info grippe saisonni\u00e8re - cliquez ICI Comment reconna\u00eetre les premiers signes d&#039;un AVC [&hellip;]\" \/>\n<meta property=\"og:url\" content=\"https:\/\/espacesenior.ch\/index.php\/sos-et-services\/\" \/>\n<meta property=\"og:site_name\" content=\"espacesenior\" \/>\n<meta property=\"article:modified_time\" content=\"2024-07-03T15:22:47+00:00\" \/>\n<meta name=\"twitter:card\" content=\"summary_large_image\" \/>\n<meta name=\"twitter:label1\" content=\"Dur\u00e9e de lecture estim\u00e9e\" \/>\n\t<meta name=\"twitter:data1\" content=\"1 minute\" \/>\n<script type=\"application\/ld+json\" class=\"yoast-schema-graph\">{\"@context\":\"https:\/\/schema.org\",\"@graph\":[{\"@type\":\"WebPage\",\"@id\":\"https:\/\/espacesenior.ch\/index.php\/sos-et-services\/\",\"url\":\"https:\/\/espacesenior.ch\/index.php\/sos-et-services\/\",\"name\":\"SOS et services - espacesenior\",\"isPartOf\":{\"@id\":\"https:\/\/espacesenior.ch\/#website\"},\"datePublished\":\"2020-03-06T10:20:38+00:00\",\"dateModified\":\"2024-07-03T15:22:47+00:00\",\"breadcrumb\":{\"@id\":\"https:\/\/espacesenior.ch\/index.php\/sos-et-services\/#breadcrumb\"},\"inLanguage\":\"fr-FR\",\"potentialAction\":[{\"@type\":\"ReadAction\",\"target\":[\"https:\/\/espacesenior.ch\/index.php\/sos-et-services\/\"]}]},{\"@type\":\"BreadcrumbList\",\"@id\":\"https:\/\/espacesenior.ch\/index.php\/sos-et-services\/#breadcrumb\",\"itemListElement\":[{\"@type\":\"ListItem\",\"position\":1,\"name\":\"Home\",\"item\":\"https:\/\/espacesenior.ch\/\"},{\"@type\":\"ListItem\",\"position\":2,\"name\":\"SOS et services\"}]},{\"@type\":\"WebSite\",\"@id\":\"https:\/\/espacesenior.ch\/#website\",\"url\":\"https:\/\/espacesenior.ch\/\",\"name\":\"espacesenior\",\"description\":\"activit\u00e9s pour seniors bulle\",\"publisher\":{\"@id\":\"https:\/\/espacesenior.ch\/#organization\"},\"potentialAction\":[{\"@type\":\"SearchAction\",\"target\":{\"@type\":\"EntryPoint\",\"urlTemplate\":\"https:\/\/espacesenior.ch\/?s={search_term_string}\"},\"query-input\":\"required name=search_term_string\"}],\"inLanguage\":\"fr-FR\"},{\"@type\":\"Organization\",\"@id\":\"https:\/\/espacesenior.ch\/#organization\",\"name\":\"espacesenior\",\"url\":\"https:\/\/espacesenior.ch\/\",\"logo\":{\"@type\":\"ImageObject\",\"inLanguage\":\"fr-FR\",\"@id\":\"https:\/\/espacesenior.ch\/#\/schema\/logo\/image\/\",\"url\":\"https:\/\/espacesenior.ch\/wp-content\/uploads\/2020\/03\/espace-senior-jaune1600x490.png\",\"contentUrl\":\"https:\/\/espacesenior.ch\/wp-content\/uploads\/2020\/03\/espace-senior-jaune1600x490.png\",\"width\":1600,\"height\":490,\"caption\":\"espacesenior\"},\"image\":{\"@id\":\"https:\/\/espacesenior.ch\/#\/schema\/logo\/image\/\"}}]}<\/script>\n<!-- \/ Yoast SEO plugin. -->","yoast_head_json":{"title":"SOS et services - espacesenior","robots":{"index":"index","follow":"follow","max-snippet":"max-snippet:-1","max-image-preview":"max-image-preview:large","max-video-preview":"max-video-preview:-1"},"canonical":"https:\/\/espacesenior.ch\/index.php\/sos-et-services\/","og_locale":"fr_FR","og_type":"article","og_title":"SOS et services - espacesenior","og_description":"La ville de Bulle a pr\u00e9par\u00e9 une liste des contacts importants pour les seniors, vous pouvez la consulter en cliquant ICIAmbulance : 144 Empoisonnement : 145 M\u00e9decin de garde : 026 304 21 36 Pharmacie de garde : 026 304 21 40 Info grippe saisonni\u00e8re - cliquez ICI Comment reconna\u00eetre les premiers signes d'un AVC [&hellip;]","og_url":"https:\/\/espacesenior.ch\/index.php\/sos-et-services\/","og_site_name":"espacesenior","article_modified_time":"2024-07-03T15:22:47+00:00","twitter_card":"summary_large_image","twitter_misc":{"Dur\u00e9e de lecture estim\u00e9e":"1 minute"},"schema":{"@context":"https:\/\/schema.org","@graph":[{"@type":"WebPage","@id":"https:\/\/espacesenior.ch\/index.php\/sos-et-services\/","url":"https:\/\/espacesenior.ch\/index.php\/sos-et-services\/","name":"SOS et services - espacesenior","isPartOf":{"@id":"https:\/\/espacesenior.ch\/#website"},"datePublished":"2020-03-06T10:20:38+00:00","dateModified":"2024-07-03T15:22:47+00:00","breadcrumb":{"@id":"https:\/\/espacesenior.ch\/index.php\/sos-et-services\/#breadcrumb"},"inLanguage":"fr-FR","potentialAction":[{"@type":"ReadAction","target":["https:\/\/espacesenior.ch\/index.php\/sos-et-services\/"]}]},{"@type":"BreadcrumbList","@id":"https:\/\/espacesenior.ch\/index.php\/sos-et-services\/#breadcrumb","itemListElement":[{"@type":"ListItem","position":1,"name":"Home","item":"https:\/\/espacesenior.ch\/"},{"@type":"ListItem","position":2,"name":"SOS et services"}]},{"@type":"WebSite","@id":"https:\/\/espacesenior.ch\/#website","url":"https:\/\/espacesenior.ch\/","name":"espacesenior","description":"activit\u00e9s pour seniors bulle","publisher":{"@id":"https:\/\/espacesenior.ch\/#organization"},"potentialAction":[{"@type":"SearchAction","target":{"@type":"EntryPoint","urlTemplate":"https:\/\/espacesenior.ch\/?s={search_term_string}"},"query-input":"required name=search_term_string"}],"inLanguage":"fr-FR"},{"@type":"Organization","@id":"https:\/\/espacesenior.ch\/#organization","name":"espacesenior","url":"https:\/\/espacesenior.ch\/","logo":{"@type":"ImageObject","inLanguage":"fr-FR","@id":"https:\/\/espacesenior.ch\/#\/schema\/logo\/image\/","url":"https:\/\/espacesenior.ch\/wp-content\/uploads\/2020\/03\/espace-senior-jaune1600x490.png","contentUrl":"https:\/\/espacesenior.ch\/wp-content\/uploads\/2020\/03\/espace-senior-jaune1600x490.png","width":1600,"height":490,"caption":"espacesenior"},"image":{"@id":"https:\/\/espacesenior.ch\/#\/schema\/logo\/image\/"}}]}},"_links":{"self":[{"href":"https:\/\/espacesenior.ch\/index.php\/wp-json\/wp\/v2\/pages\/66"}],"collection":[{"href":"https:\/\/espacesenior.ch\/index.php\/wp-json\/wp\/v2\/pages"}],"about":[{"href":"https:\/\/espacesenior.ch\/index.php\/wp-json\/wp\/v2\/types\/page"}],"author":[{"embeddable":true,"href":"https:\/\/espacesenior.ch\/index.php\/wp-json\/wp\/v2\/users\/1"}],"replies":[{"embeddable":true,"href":"https:\/\/espacesenior.ch\/index.php\/wp-json\/wp\/v2\/comments?post=66"}],"version-history":[{"count":19,"href":"https:\/\/espacesenior.ch\/index.php\/wp-json\/wp\/v2\/pages\/66\/revisions"}],"predecessor-version":[{"id":5491,"href":"https:\/\/espacesenior.ch\/index.php\/wp-json\/wp\/v2\/pages\/66\/revisions\/5491"}],"wp:attachment":[{"href":"https:\/\/espacesenior.ch\/index.php\/wp-json\/wp\/v2\/media?parent=66"}],"curies":[{"name":"wp","href":"https:\/\/api.w.org\/{rel}","templated":true}]}}

<p>[et_pb_section fb_built= »1&Prime; _builder_version= »4.16&Prime; custom_padding= »0px||||| » top_divider_style= »slant2&Prime; top_divider_color= »#5e5e5e » global_colors_info= »{} »][et_pb_row _builder_version= »4.16&Prime; custom_padding= »77px||||| » global_colors_info= »{} »][et_pb_column type= »4_4&Prime; _builder_version= »4.16&Prime; global_colors_info= »{} »][et_pb_text admin_label= »li numéros importants ville de bulle » _builder_version= »4.16&Prime; text_text_color= »#e02b20&Prime; text_font_size= »19px » global_colors_info= »{} »]</p>
<p>La ville de Bulle a préparé une liste des contacts importants pour les seniors, vous pouvez la consulter en cliquant <a href="https://espacesenior.ch/wp-content/uploads/2020/03/adresses_utiles.pdf" target="_blank" rel="noopener noreferrer"><strong>ICI</strong></a></p>
<p>[/et_pb_text][/et_pb_column][/et_pb_row][et_pb_row column_structure= »1_3,1_3,1_3&Prime; _builder_version= »4.24.2&Prime; custom_margin= »|auto||637px|| » global_colors_info= »{} »][et_pb_column type= »1_3&Prime; _builder_version= »4.24.2&Prime; global_colors_info= »{} »][et_pb_image src= »https://espacesenior.ch/wp-content/uploads/2020/03/sante.jpg » admin_label= »image santé » _builder_version= »4.25.2&Prime; hover_enabled= »0&Prime; global_colors_info= »{} » sticky_enabled= »0&Prime;][/et_pb_image][et_pb_text admin_label= »no santé » _builder_version= »4.25.2&Prime; text_text_color= »#000000&Prime; text_font_size= »19px » hover_enabled= »0&Prime; global_colors_info= »{} » sticky_enabled= »0&Prime;]</p>
<p>Ambulance : <strong>144</strong></p>
<p>Empoisonnement : <strong>145</strong></p>
<p>Médecin de garde : <strong>026 304 21 36</strong></p>
<p>Pharmacie de garde : <strong>026 304 21 40</strong></p>
<p>Info grippe saisonnière &#8211; cliquez <a href="https://www.bag.admin.ch/bag/fr/home/krankheiten/ausbrueche-epidemien-pandemien/aktuelle-ausbrueche-epidemien/saisonale-grippe---lagebericht-schweiz.html" target="_blank" rel="noopener noreferrer"><strong>ICI</strong></a></p>
<p>Comment reconnaître les premiers signes d&rsquo;un AVC &#8211; cliquez <a href="https://espacesenior.ch/wp-content/uploads/2024/07/ES-Fiche-AVC.pdf"><strong>ICI</strong></a></p>
<p>[/et_pb_text][/et_pb_column][et_pb_column type= »1_3&Prime; _builder_version= »4.16&Prime; global_colors_info= »{} »][et_pb_image src= »https://espacesenior.ch/wp-content/uploads/2020/03/sos.png » admin_label= »image SOS » _builder_version= »4.16&Prime; global_colors_info= »{} »][/et_pb_image][et_pb_text admin_label= »no sos » _builder_version= »4.16&Prime; text_text_color= »#000000&Prime; text_font_size= »19px » global_colors_info= »{} »]</p>
<p>Police : <strong>117</strong></p>
<p>Service du feu : <strong>118</strong></p>
<p>[/et_pb_text][/et_pb_column][et_pb_column type= »1_3&Prime; _builder_version= »4.16&Prime; global_colors_info= »{} »][et_pb_image src= »https://espacesenior.ch/wp-content/uploads/2020/03/services.jpg » admin_label= »image sevices » _builder_version= »4.16&Prime; global_colors_info= »{} »][/et_pb_image][et_pb_text admin_label= »no sos » _builder_version= »4.16&Prime; text_text_color= »#000000&Prime; text_font_size= »19px » global_colors_info= »{} »]</p>
<p><a href="https://www.sbb.ch/fr/horaire.html" target="_blank" rel="noopener noreferrer">Horaires CFF</a></p>
<p><a href="https://www.meteosuisse.admin.ch/home.html?tab=overview" target="_blank" rel="noopener noreferrer">Météo Suisse</a></p>
<p><a href="http://www.fr.prosenectute.ch/" target="_blank" rel="noopener noreferrer">Pro Senectute</a></p>
<p>PassePartout Gruyère</p>
<p><strong>026 919 60 39</strong></p>
<p>Croix Rouge Fribourgeoise</p>
<p><strong>026 347 39 40</strong></p>
<p>[/et_pb_text][/et_pb_column][/et_pb_row][/et_pb_section]</p>

<p>La ville de Bulle a préparé une liste des contacts importants pour les seniors, vous pouvez la consulter en cliquant ICIAmbulance : 144 Empoisonnement : 145 Médecin de garde : 026 304 21 36 Pharmacie de garde : 026 304 21 40 Info grippe saisonnière &#8211; cliquez ICI Comment reconnaître les premiers signes d&rsquo;un AVC [&hellip;]</p>

<!-- This site is optimized with the Yoast SEO plugin v21.1 - https://yoast.com/wordpress/plugins/seo/ -->
<title>SOS et services - espacesenior</title>
<meta name="robots" content="index, follow, max-snippet:-1, max-image-preview:large, max-video-preview:-1" />
<link rel="canonical" href="https://espacesenior.ch/index.php/sos-et-services/" />
<meta property="og:locale" content="fr_FR" />
<meta property="og:type" content="article" />
<meta property="og:title" content="SOS et services - espacesenior" />
<meta property="og:description" content="La ville de Bulle a préparé une liste des contacts importants pour les seniors, vous pouvez la consulter en cliquant ICIAmbulance : 144 Empoisonnement : 145 Médecin de garde : 026 304 21 36 Pharmacie de garde : 026 304 21 40 Info grippe saisonnière - cliquez ICI Comment reconnaître les premiers signes d&#039;un AVC [&hellip;]" />
<meta property="og:url" content="https://espacesenior.ch/index.php/sos-et-services/" />
<meta property="og:site_name" content="espacesenior" />
<meta property="article:modified_time" content="2024-07-03T15:22:47+00:00" />
<meta name="twitter:card" content="summary_large_image" />
<meta name="twitter:label1" content="Durée de lecture estimée" />
	<meta name="twitter:data1" content="1 minute" />
<script type="application/ld+json" class="yoast-schema-graph">{"@context":"https://schema.org","@graph":[{"@type":"WebPage","@id":"https://espacesenior.ch/index.php/sos-et-services/","url":"https://espacesenior.ch/index.php/sos-et-services/","name":"SOS et services - espacesenior","isPartOf":{"@id":"https://espacesenior.ch/#website"},"datePublished":"2020-03-06T10:20:38+00:00","dateModified":"2024-07-03T15:22:47+00:00","breadcrumb":{"@id":"https://espacesenior.ch/index.php/sos-et-services/#breadcrumb"},"inLanguage":"fr-FR","potentialAction":[{"@type":"ReadAction","target":["https://espacesenior.ch/index.php/sos-et-services/"]}]},{"@type":"BreadcrumbList","@id":"https://espacesenior.ch/index.php/sos-et-services/#breadcrumb","itemListElement":[{"@type":"ListItem","position":1,"name":"Home","item":"https://espacesenior.ch/"},{"@type":"ListItem","position":2,"name":"SOS et services"}]},{"@type":"WebSite","@id":"https://espacesenior.ch/#website","url":"https://espacesenior.ch/","name":"espacesenior","description":"activités pour seniors bulle","publisher":{"@id":"https://espacesenior.ch/#organization"},"potentialAction":[{"@type":"SearchAction","target":{"@type":"EntryPoint","urlTemplate":"https://espacesenior.ch/?s={search_term_string}"},"query-input":"required name=search_term_string"}],"inLanguage":"fr-FR"},{"@type":"Organization","@id":"https://espacesenior.ch/#organization","name":"espacesenior","url":"https://espacesenior.ch/","logo":{"@type":"ImageObject","inLanguage":"fr-FR","@id":"https://espacesenior.ch/#/schema/logo/image/","url":"https://espacesenior.ch/wp-content/uploads/2020/03/espace-senior-jaune1600x490.png","contentUrl":"https://espacesenior.ch/wp-content/uploads/2020/03/espace-senior-jaune1600x490.png","width":1600,"height":490,"caption":"espacesenior"},"image":{"@id":"https://espacesenior.ch/#/schema/logo/image/"}}]}</script>
<!-- / Yoast SEO plugin. -->

La ville de Bulle a préparé une liste des contacts importants pour les seniors, vous pouvez la consulter en cliquant ICIAmbulance : 144 Empoisonnement : 145 Médecin de garde : 026 304 21 36 Pharmacie de garde : 026 304 21 40 Info grippe saisonnière - cliquez ICI Comment reconnaître les premiers signes d'un AVC [&hellip;]

activités pour seniors bulle
